{"id":1751,"date":"2026-01-23T22:30:04","date_gmt":"2026-01-23T22:30:04","guid":{"rendered":"https:\/\/jardim.vpr.pt\/wp\/?post_type=portfolio&#038;p=1751"},"modified":"2026-03-05T12:33:02","modified_gmt":"2026-03-05T12:33:02","slug":"tour-peninsula-de-setubal-pt","status":"publish","type":"portfolio","link":"https:\/\/jardim.vpr.pt\/wp\/portfolio-item\/tour-peninsula-de-setubal-pt\/","title":{"rendered":"Tour Pen\u00ednsula de Set\u00fabal"},"content":{"rendered":"","protected":false},"excerpt":{"rendered":"<p>(IG &#8211; Pen\u00ednsula de Set\u00fabal \/ DOC &#8211; Set\u00fabal e DOC &#8211; Palmela)<\/p>\n","protected":false},"author":1,"featured_media":354,"menu_order":121,"comment_status":"open","ping_status":"closed","template":"","meta":{"pagelayer_contact_templates":[],"_pagelayer_content":""},"portfolio-types":[49],"class_list":["post-1751","portfolio","type-portfolio","status-publish","has-post-thumbnail","hentry","portfolio-types-tours-vinicolas-pt"],"_links":{"self":[{"href":"https:\/\/jardim.vpr.pt\/wp\/wp-json\/wp\/v2\/portfolio\/1751","targetHints":{"allow":["GET"]}}],"collection":[{"href":"https:\/\/jardim.vpr.pt\/wp\/wp-json\/wp\/v2\/portfolio"}],"about":[{"href":"https:\/\/jardim.vpr.pt\/wp\/wp-json\/wp\/v2\/types\/portfolio"}],"author":[{"embeddable":true,"href":"https:\/\/jardim.vpr.pt\/wp\/wp-json\/wp\/v2\/users\/1"}],"replies":[{"embeddable":true,"href":"https:\/\/jardim.vpr.pt\/wp\/wp-json\/wp\/v2\/comments?post=1751"}],"wp:featuredmedia":[{"embeddable":true,"href":"https:\/\/jardim.vpr.pt\/wp\/wp-json\/wp\/v2\/media\/354"}],"wp:attachment":[{"href":"https:\/\/jardim.vpr.pt\/wp\/wp-json\/wp\/v2\/media?parent=1751"}],"wp:term":[{"taxonomy":"portfolio-types","embeddable":true,"href":"https:\/\/jardim.vpr.pt\/wp\/wp-json\/wp\/v2\/portfolio-types?post=1751"}],"curies":[{"name":"wp","href":"https:\/\/api.w.org\/{rel}","templated":true}]}}

Tour Península de Setúbal

<p>(IG &#8211; Península de Setúbal / DOC &#8211; Setúbal e DOC &#8211; Palmela)</p>
